Resums Climàtics NOAA
Selecciona un any o mes per veure el resum
2024: Gen Feb Mar abr Mai Jun jul Ago Set Oct Nov Des
2023: Gen Feb Mar abr Mai Jun jul Ago Set Oct Nov Des
2022: Gen Feb Mar abr Mai Jun jul Ago Set Oct Nov Des
2021: Gen Feb Mar abr Mai Jun jul Ago Set Oct Nov Des
2020: Gen Feb Mar abr Mai Jun jul Ago Set Oct Nov Des
2019: Gen Feb Mar abr Mai Jun jul Ago Set Oct Nov Des
2018: Gen Feb Mar abr Mai Jun jul Ago Set Oct Nov Des
2017: Gen Feb Mar abr Mai Jun jul Ago Set Oct Nov Des
2016: Gen Feb Mar abr Mai Jun jul Ago Set Oct Nov Des
2015: Gen Feb Mar abr Mai Jun jul Ago Set Oct Nov Des
2014: Gen Feb Mar abr Mai Jun jul Ago Set Oct Nov Des
2013: Gen Feb Mar abr Mai Jun jul Ago Set Oct Nov Des
2012: Gen Feb Mar abr Mai Jun jul Ago Set Oct Nov Des
2024: Gen Feb Mar abr Mai Jun jul Ago Set Oct Nov Des
2023: Gen Feb Mar abr Mai Jun jul Ago Set Oct Nov Des
2022: Gen Feb Mar abr Mai Jun jul Ago Set Oct Nov Des
2021: Gen Feb Mar abr Mai Jun jul Ago Set Oct Nov Des
2020: Gen Feb Mar abr Mai Jun jul Ago Set Oct Nov Des
2019: Gen Feb Mar abr Mai Jun jul Ago Set Oct Nov Des
2018: Gen Feb Mar abr Mai Jun jul Ago Set Oct Nov Des
2017: Gen Feb Mar abr Mai Jun jul Ago Set Oct Nov Des
2016: Gen Feb Mar abr Mai Jun jul Ago Set Oct Nov Des
2015: Gen Feb Mar abr Mai Jun jul Ago Set Oct Nov Des
2014: Gen Feb Mar abr Mai Jun jul Ago Set Oct Nov Des
2013: Gen Feb Mar abr Mai Jun jul Ago Set Oct Nov Des
2012: Gen Feb Mar abr Mai Jun jul Ago Set Oct Nov Des
Resum 2012
ANNUAL CLIMATOLOGICAL SUMMARY for 2012 NAME: Vallimeteo CITY: Vallirana STATE: Catalonia ELEV: 319.7 m LAT: 41.4 N LONG: 2.0 E TEMPERATURE (C), RAIN (mm), WIND SPEED (kph) DEP. HEAT COOL MEAN MEAN FROM DEG DEG MAX MAX MIN MIN YR MO MAX MIN MEAN NORM DAYS DAYS HI DATE LOW DATE >=32.2 <=0 <=0 <=-17.8 --------------------------------------------------------------------------------------------- 2012 01 2012 02 2012 03 2012 04 2012 05 2012 06 2012 07 31.7 21.5 25.5 0.0 0.0 104.2 35.3 27 20.9 28 4 0 0 0 2012 08 30.3 23.5 26.1 0.0 0.0 368.6 36.1 1 15.8 31 10 0 0 0 2012 09 26.5 18.5 21.5 0.0 2.4 225.6 32.0 5 12.1 27 0 0 0 0 2012 10 22.9 15.1 18.6 0.3 75.9 110.6 33.8 20 5.3 28 1 0 0 0 2012 11 17.2 11.3 13.8 0.0 207.5 0.0 21.6 15 6.5 7 0 0 0 0 2012 12 9.4 8.8 9.2 0.0 16.6 0.0 9.4 31 8.8 31 0 0 0 0 --------------------------------------------------------------------------------------------- 23.0 16.4 19.1 2.6 302.4 809.1 36.1 AUG 5.3 OCT 15 0 0 0 PRECIPITATION (mm) DEP. MAX ---DAYS OF RAIN--- FROM OBS. OVER YR MO TOTAL NORM DAY DATE 0.254 2.54 25.4 --------------------------------------------------------- 2012 01 2012 02 2012 03 2012 04 2012 05 2012 06 2012 07 0.0 0.0 0.0 0 0 0 0 2012 08 72.9 0.0 34.8 30 3 3 2 2012 09 85.3 0.0 32.5 29 4 3 2 2012 10 0.0 0.0 0.0 0 0 0 0 2012 11 0.0 0.0 0.0 0 0 0 0 2012 12 0.0 0.0 0.0 0 0 0 0 --------------------------------------------------------- 158.2 -209.6 34.8 AUG 7 6 4 WIND SPEED (kph) DOM YR MO AVG HI DATE DIR ---------------------------------- 2012 01 2012 02 2012 03 2012 04 2012 05 2012 06 2012 07 3.4 27.4 25 W 2012 08 2.5 25.7 31 WSW 2012 09 3.4 41.8 24 W 2012 10 4.1 46.7 28 W 2012 11 4.1 33.8 1 W 2012 12 10.4 24.1 31 WNW ---------------------------------- 4.6 46.7 OCT W