Resums Climàtics NOAA
Selecciona un any o mes per veure el resum
2024: Gen Feb Mar abr Mai Jun jul Ago Set Oct Nov Des
2023: Gen Feb Mar abr Mai Jun jul Ago Set Oct Nov Des
2022: Gen Feb Mar abr Mai Jun jul Ago Set Oct Nov Des
2021: Gen Feb Mar abr Mai Jun jul Ago Set Oct Nov Des
2020: Gen Feb Mar abr Mai Jun jul Ago Set Oct Nov Des
2019: Gen Feb Mar abr Mai Jun jul Ago Set Oct Nov Des
2018: Gen Feb Mar abr Mai Jun jul Ago Set Oct Nov Des
2017: Gen Feb Mar abr Mai Jun jul Ago Set Oct Nov Des
2016: Gen Feb Mar abr Mai Jun jul Ago Set Oct Nov Des
2015: Gen Feb Mar abr Mai Jun jul Ago Set Oct Nov Des
2014: Gen Feb Mar abr Mai Jun jul Ago Set Oct Nov Des
2013: Gen Feb Mar abr Mai Jun jul Ago Set Oct Nov Des
2012: Gen Feb Mar abr Mai Jun jul Ago Set Oct Nov Des
2024: Gen Feb Mar abr Mai Jun jul Ago Set Oct Nov Des
2023: Gen Feb Mar abr Mai Jun jul Ago Set Oct Nov Des
2022: Gen Feb Mar abr Mai Jun jul Ago Set Oct Nov Des
2021: Gen Feb Mar abr Mai Jun jul Ago Set Oct Nov Des
2020: Gen Feb Mar abr Mai Jun jul Ago Set Oct Nov Des
2019: Gen Feb Mar abr Mai Jun jul Ago Set Oct Nov Des
2018: Gen Feb Mar abr Mai Jun jul Ago Set Oct Nov Des
2017: Gen Feb Mar abr Mai Jun jul Ago Set Oct Nov Des
2016: Gen Feb Mar abr Mai Jun jul Ago Set Oct Nov Des
2015: Gen Feb Mar abr Mai Jun jul Ago Set Oct Nov Des
2014: Gen Feb Mar abr Mai Jun jul Ago Set Oct Nov Des
2013: Gen Feb Mar abr Mai Jun jul Ago Set Oct Nov Des
2012: Gen Feb Mar abr Mai Jun jul Ago Set Oct Nov Des
Resum 2013
ANNUAL CLIMATOLOGICAL SUMMARY for 2013 NAME: Vallimeteo CITY: Vallirana STATE: Catalonia ELEV: 319.7 m LAT: 41.4 N LONG: 2.0 E TEMPERATURE (C), RAIN (mm), WIND SPEED (kph) DEP. HEAT COOL MEAN MEAN FROM DEG DEG MAX MAX MIN MIN YR MO MAX MIN MEAN NORM DAYS DAYS HI DATE LOW DATE >=32.2 <=0 <=0 <=-17.8 --------------------------------------------------------------------------------------------- 2013 01 12.8 7.5 9.8 0.0 352.6 0.0 21.3 31 3.3 15 0 0 0 0 2013 02 12.8 5.1 8.4 0.0 472.9 0.0 19.1 1 0.0 24 0 0 1 0 2013 03 19.5 10.9 15.0 -0.1 184.7 37.6 41.6 5 4.3 16 2 0 0 0 2013 04 23.0 12.2 16.7 0.0 77.9 43.5 29.3 30 7.9 3 0 0 0 0 2013 05 20.0 11.2 14.8 0.0 130.9 14.2 27.7 7 7.6 16 0 0 0 0 2013 06 23.7 14.7 18.6 0.0 5.7 19.8 28.0 2 13.4 5 0 0 0 0 2013 07 2013 08 2013 09 2013 10 2013 11 2013 12 --------------------------------------------------------------------------------------------- 18.6 10.3 13.9 -2.6 1224.7 115.1 41.6 MAR 0.0 FEB 2 0 1 0 PRECIPITATION (mm) DEP. MAX ---DAYS OF RAIN--- FROM OBS. OVER YR MO TOTAL NORM DAY DATE 0.254 2.54 25.4 --------------------------------------------------------- 2013 01 12.7 0.0 10.7 19 3 1 0 2013 02 8.6 0.0 6.6 14 2 1 0 2013 03 91.4 0.0 32.8 5 8 4 2 2013 04 47.2 0.0 22.1 27 5 3 0 2013 05 49.5 0.0 35.8 15 6 4 1 2013 06 0.0 0.0 0.0 0 0 0 0 2013 07 2013 08 2013 09 2013 10 2013 11 2013 12 --------------------------------------------------------- 209.6 -158.2 35.8 MAY 24 13 3 WIND SPEED (kph) DOM YR MO AVG HI DATE DIR ---------------------------------- 2013 01 7.4 45.1 15 W 2013 02 6.0 53.1 11 WSW 2013 03 6.5 51.5 18 W 2013 04 3.3 43.5 11 WSW 2013 05 4.0 37.0 18 WSW 2013 06 3.6 29.0 1 SW 2013 07 2013 08 2013 09 2013 10 2013 11 2013 12 ---------------------------------- 5.1 53.1 FEB WSW