Resums Climàtics NOAA
Selecciona un any o mes per veure el resum
2024: Gen Feb Mar abr Mai Jun jul Ago Set Oct Nov Des
2023: Gen Feb Mar abr Mai Jun jul Ago Set Oct Nov Des
2022: Gen Feb Mar abr Mai Jun jul Ago Set Oct Nov Des
2021: Gen Feb Mar abr Mai Jun jul Ago Set Oct Nov Des
2020: Gen Feb Mar abr Mai Jun jul Ago Set Oct Nov Des
2019: Gen Feb Mar abr Mai Jun jul Ago Set Oct Nov Des
2018: Gen Feb Mar abr Mai Jun jul Ago Set Oct Nov Des
2017: Gen Feb Mar abr Mai Jun jul Ago Set Oct Nov Des
2016: Gen Feb Mar abr Mai Jun jul Ago Set Oct Nov Des
2015: Gen Feb Mar abr Mai Jun jul Ago Set Oct Nov Des
2014: Gen Feb Mar abr Mai Jun jul Ago Set Oct Nov Des
2013: Gen Feb Mar abr Mai Jun jul Ago Set Oct Nov Des
2012: Gen Feb Mar abr Mai Jun jul Ago Set Oct Nov Des
2024: Gen Feb Mar abr Mai Jun jul Ago Set Oct Nov Des
2023: Gen Feb Mar abr Mai Jun jul Ago Set Oct Nov Des
2022: Gen Feb Mar abr Mai Jun jul Ago Set Oct Nov Des
2021: Gen Feb Mar abr Mai Jun jul Ago Set Oct Nov Des
2020: Gen Feb Mar abr Mai Jun jul Ago Set Oct Nov Des
2019: Gen Feb Mar abr Mai Jun jul Ago Set Oct Nov Des
2018: Gen Feb Mar abr Mai Jun jul Ago Set Oct Nov Des
2017: Gen Feb Mar abr Mai Jun jul Ago Set Oct Nov Des
2016: Gen Feb Mar abr Mai Jun jul Ago Set Oct Nov Des
2015: Gen Feb Mar abr Mai Jun jul Ago Set Oct Nov Des
2014: Gen Feb Mar abr Mai Jun jul Ago Set Oct Nov Des
2013: Gen Feb Mar abr Mai Jun jul Ago Set Oct Nov Des
2012: Gen Feb Mar abr Mai Jun jul Ago Set Oct Nov Des
Resum 2013 Juny
MONTHLY CLIMATOLOGICAL SUMMARY for JUN 2013 NAME: Vallimeteo CITY: Vallirana STATE: Catalonia ELEV: 319.7 m LAT: 41.4 N LONG: 2.0 E TEMPERATURE (C), RAIN (mm), WIND SPEED (kph) HEAT COOL AVG MEAN DEG DEG WIND DOM DAY TEMP HIGH TIME LOW TIME DAYS DAYS RAIN SPEED HIGH TIME DIR --------------------------------------------------------------------------------------- 01 21.6 26.6 18:25 15.4 07:59 0.0 4.8 0.0 10.2 29.0 08:15 WSW 02 18.9 28.0 15:50 13.6 07:21 0.0 4.4 0.0 3.6 16.1 08:41 SW 03 17.7 23.1 17:04 13.7 07:15 0.0 0.1 0.0 2.7 14.5 17:15 ENE 04 17.9 22.9 11:47 13.5 06:53 0.2 0.0 0.0 4.5 27.4 15:49 SW 05 18.3 25.4 15:20 13.4 02:20 0.0 1.9 0.0 3.0 20.9 16:20 SW 06 19.8 27.0 16:24 14.7 03:58 0.0 4.5 0.0 1.0 12.9 12:30 WSW 07 19.8 26.0 16:19 15.1 03:34 0.0 4.0 0.0 2.0 17.7 15:14 SSW 08 15.9 16.7 02:11 15.0 05:54 4.5 0.0 0.0 1.8 24.1 08:27 SSW 10 17.8 17.8 23:34 17.8 23:34 1.0 0.0 0.0 3.2 9.7 23:34 S --------------------------------------------------------------------------------------- 18.6 28.0 2 13.4 5 5.7 19.8 0.0 3.6 29.0 1 SW Max >= 32.2: 0 Max <= 0.0: 0 Min <= 0.0: 0 Min <= -17.8: 0 Max Rain : 0.0 mm ON --/--/---- Days of Rain: 0 (> 0.254 mm) 0 (> 2.54 mm) 0 (> 25.4 mm)