Resums Climàtics NOAA
Selecciona un any o mes per veure el resum
2024: Gen Feb Mar abr Mai Jun jul Ago Set Oct Nov Des
2023: Gen Feb Mar abr Mai Jun jul Ago Set Oct Nov Des
2022: Gen Feb Mar abr Mai Jun jul Ago Set Oct Nov Des
2021: Gen Feb Mar abr Mai Jun jul Ago Set Oct Nov Des
2020: Gen Feb Mar abr Mai Jun jul Ago Set Oct Nov Des
2019: Gen Feb Mar abr Mai Jun jul Ago Set Oct Nov Des
2018: Gen Feb Mar abr Mai Jun jul Ago Set Oct Nov Des
2017: Gen Feb Mar abr Mai Jun jul Ago Set Oct Nov Des
2016: Gen Feb Mar abr Mai Jun jul Ago Set Oct Nov Des
2015: Gen Feb Mar abr Mai Jun jul Ago Set Oct Nov Des
2014: Gen Feb Mar abr Mai Jun jul Ago Set Oct Nov Des
2013: Gen Feb Mar abr Mai Jun jul Ago Set Oct Nov Des
2012: Gen Feb Mar abr Mai Jun jul Ago Set Oct Nov Des
2011: Gen Feb Mar abr Mai Jun jul Ago Set Oct Nov Des
2024: Gen Feb Mar abr Mai Jun jul Ago Set Oct Nov Des
2023: Gen Feb Mar abr Mai Jun jul Ago Set Oct Nov Des
2022: Gen Feb Mar abr Mai Jun jul Ago Set Oct Nov Des
2021: Gen Feb Mar abr Mai Jun jul Ago Set Oct Nov Des
2020: Gen Feb Mar abr Mai Jun jul Ago Set Oct Nov Des
2019: Gen Feb Mar abr Mai Jun jul Ago Set Oct Nov Des
2018: Gen Feb Mar abr Mai Jun jul Ago Set Oct Nov Des
2017: Gen Feb Mar abr Mai Jun jul Ago Set Oct Nov Des
2016: Gen Feb Mar abr Mai Jun jul Ago Set Oct Nov Des
2015: Gen Feb Mar abr Mai Jun jul Ago Set Oct Nov Des
2014: Gen Feb Mar abr Mai Jun jul Ago Set Oct Nov Des
2013: Gen Feb Mar abr Mai Jun jul Ago Set Oct Nov Des
2012: Gen Feb Mar abr Mai Jun jul Ago Set Oct Nov Des
2011: Gen Feb Mar abr Mai Jun jul Ago Set Oct Nov Des
Resum 2012
ANNUAL CLIMATOLOGICAL SUMMARY for 2012 NAME: Meteocam-Sant Boi CITY: Sant Boi STATE: Barcelona ELEV: 21.9 m LAT: 41.4 N LONG: 2.0 E TEMPERATURE (C), RAIN (mm), WIND SPEED (kph) DEP. HEAT COOL MEAN MEAN FROM DEG DEG MAX MAX MIN MIN YR MO MAX MIN MEAN NORM DAYS DAYS HI DATE LOW DATE >=32.2 <=0 <=0 <=-17.8 --------------------------------------------------------------------------------------------- 2012 01 16.6 5.4 9.8 -0.2 408.0 0.0 28.2 1 1.6 14 0 0 0 0 2012 02 14.3 3.2 8.1 -0.7 500.7 0.0 22.1 26 -1.3 13 0 0 5 0 2012 03 19.9 8.3 13.7 0.6 235.3 0.7 25.5 30 4.5 7 0 0 0 0 2012 04 19.7 11.5 15.1 -0.3 145.3 1.9 25.2 8 7.2 17 0 0 0 0 2012 05 24.8 15.3 19.7 1.3 21.3 116.0 30.1 12 10.4 2 0 0 0 0 2012 06 29.0 19.8 24.4 2.3 0.0 327.9 35.3 21 16.1 13 1 0 0 0 2012 07 29.3 21.2 25.2 -0.1 0.0 385.0 34.6 18 16.1 2 1 0 0 0 2012 08 31.9 22.5 27.2 0.8 0.0 494.3 35.6 23 17.3 31 11 0 0 0 2012 09 29.4 18.4 23.4 -0.1 0.0 70.1 30.6 6 15.3 2 0 0 0 0 2012 10 2012 11 2012 12 14.5 6.7 10.3 1.3 69.9 0.0 16.3 29 3.4 31 0 0 0 0 --------------------------------------------------------------------------------------------- 22.9 13.2 17.7 0.5 1380.4 1395.8 35.6 AUG -1.3 FEB 13 0 5 0 PRECIPITATION (mm) DEP. MAX ---DAYS OF RAIN--- FROM OBS. OVER YR MO TOTAL NORM DAY DATE 0.254 2.54 25.4 --------------------------------------------------------- 2012 01 2.4 -28.0 1.5 28 4 0 0 2012 02 4.3 -13.2 3.7 1 2 1 0 2012 03 55.9 -23.7 41.6 22 4 2 1 2012 04 48.1 7.1 24.4 4 12 5 0 2012 05 18.9 9.3 14.3 20 7 2 0 2012 06 17.3 11.1 14.2 3 7 1 0 2012 07 14.6 6.3 13.7 1 4 1 0 2012 08 38.1 20.5 17.6 30 4 3 0 2012 09 29.4 10.5 29.4 1 1 1 1 2012 10 2012 11 2012 12 0.0 -3.8 0.0 0 0 0 0 --------------------------------------------------------- 229.0 -212.5 41.6 MAR 45 16 2 WIND SPEED (kph) DOM YR MO AVG HI DATE DIR ---------------------------------- 2012 01 4.6 32.2 1 W 2012 02 5.2 43.5 27 W 2012 03 5.0 38.6 18 W 2012 04 5.1 54.7 21 WSW 2012 05 5.8 48.3 5 W 2012 06 5.9 43.5 5 WSW 2012 07 6.3 45.1 13 WSW 2012 08 5.3 46.7 26 W 2012 09 5.0 35.4 6 W 2012 10 2012 11 2012 12 7.3 259.1 29 NW ---------------------------------- 5.6 259.1 DEC W