Resums Climàtics NOAA
Selecciona un any o mes per veure el resum
2024: Gen Feb Mar abr Mai Jun jul Ago Set Oct Nov Des
2023: Gen Feb Mar abr Mai Jun jul Ago Set Oct Nov Des
2022: Gen Feb Mar abr Mai Jun jul Ago Set Oct Nov Des
2021: Gen Feb Mar abr Mai Jun jul Ago Set Oct Nov Des
2020: Gen Feb Mar abr Mai Jun jul Ago Set Oct Nov Des
2019: Gen Feb Mar abr Mai Jun jul Ago Set Oct Nov Des
2018: Gen Feb Mar abr Mai Jun jul Ago Set Oct Nov Des
2017: Gen Feb Mar abr Mai Jun jul Ago Set Oct Nov Des
2016: Gen Feb Mar abr Mai Jun jul Ago Set Oct Nov Des
2015: Gen Feb Mar abr Mai Jun jul Ago Set Oct Nov Des
2014: Gen Feb Mar abr Mai Jun jul Ago Set Oct Nov Des
2013: Gen Feb Mar abr Mai Jun jul Ago Set Oct Nov Des
2012: Gen Feb Mar abr Mai Jun jul Ago Set Oct Nov Des
2011: Gen Feb Mar abr Mai Jun jul Ago Set Oct Nov Des
2024: Gen Feb Mar abr Mai Jun jul Ago Set Oct Nov Des
2023: Gen Feb Mar abr Mai Jun jul Ago Set Oct Nov Des
2022: Gen Feb Mar abr Mai Jun jul Ago Set Oct Nov Des
2021: Gen Feb Mar abr Mai Jun jul Ago Set Oct Nov Des
2020: Gen Feb Mar abr Mai Jun jul Ago Set Oct Nov Des
2019: Gen Feb Mar abr Mai Jun jul Ago Set Oct Nov Des
2018: Gen Feb Mar abr Mai Jun jul Ago Set Oct Nov Des
2017: Gen Feb Mar abr Mai Jun jul Ago Set Oct Nov Des
2016: Gen Feb Mar abr Mai Jun jul Ago Set Oct Nov Des
2015: Gen Feb Mar abr Mai Jun jul Ago Set Oct Nov Des
2014: Gen Feb Mar abr Mai Jun jul Ago Set Oct Nov Des
2013: Gen Feb Mar abr Mai Jun jul Ago Set Oct Nov Des
2012: Gen Feb Mar abr Mai Jun jul Ago Set Oct Nov Des
2011: Gen Feb Mar abr Mai Jun jul Ago Set Oct Nov Des
Resum 2014
ANNUAL CLIMATOLOGICAL SUMMARY for 2014 NAME: Meteocam-Sant Boi CITY: Sant Boi STATE: Barcelona ELEV: 21.9 m LAT: 41.4 N LONG: 2.0 E TEMPERATURE (C), RAIN (mm), WIND SPEED (kph) DEP. HEAT COOL MEAN MEAN FROM DEG DEG MAX MAX MIN MIN YR MO MAX MIN MEAN NORM DAYS DAYS HI DATE LOW DATE >=32.2 <=0 <=0 <=-17.8 --------------------------------------------------------------------------------------------- 2014 01 17.2 8.7 13.5 3.6 29.4 0.3 18.5 2 3.8 4 0 0 0 0 2014 02 2014 03 2014 04 2014 05 2014 06 5.4 0.4 2.9 -19.1 65.0 9.3 28.5 8 -17.8 4 0 1 1 1 2014 07 36.7 8.0 21.9 -3.4 0.0 28.6 50.0 4 -4.0 4 2 0 2 0 2014 08 2014 09 2014 10 19.8 15.8 17.5 -2.4 5.1 2.3 22.7 31 15.1 30 0 0 0 0 2014 11 19.4 11.9 15.2 0.3 153.0 8.8 25.0 2 7.1 11 0 0 0 0 2014 12 14.3 8.9 11.1 2.0 72.5 0.0 18.9 1 5.9 6 0 0 0 0 --------------------------------------------------------------------------------------------- 18.8 8.9 13.7 -3.6 325.0 49.2 50.0 JUL -17.8 JUN 2 1 3 1 PRECIPITATION (mm) DEP. MAX ---DAYS OF RAIN--- FROM OBS. OVER YR MO TOTAL NORM DAY DATE 0.254 2.54 25.4 --------------------------------------------------------- 2014 01 76.2 45.7 63.0 3 2 2 1 2014 02 2014 03 2014 04 2014 05 2014 06 0.0 -6.2 0.0 0 0 0 0 2014 07 0.0 -8.3 0.0 0 0 0 0 2014 08 2014 09 2014 10 0.0 -53.2 0.0 0 0 0 0 2014 11 125.6 -29.8 51.0 3 10 7 1 2014 12 7.6 3.8 4.2 4 3 1 0 --------------------------------------------------------- 209.3 -232.1 63.0 JAN 15 10 2 WIND SPEED (kph) DOM YR MO AVG HI DATE DIR ---------------------------------- 2014 01 0.6 17.7 3 N 2014 02 2014 03 2014 04 2014 05 2014 06 1.7 101.4 4 N 2014 07 58.4 376.6 4 S 2014 08 2014 09 2014 10 2.4 14.5 31 ESE 2014 11 5.6 43.5 3 NNW 2014 12 6.7 24.1 2 NNW ---------------------------------- 12.6 376.6 JUL NNW